ive of -p**6/120 + p**5/12 + p**4/8 + p**3/2 + 1295*p**2. Calculate o(5).
18
Let i(x) = x**3 - 3*x**2 + x + 8. Let m = 17 + -19. Calculate i(m).
-14
Let c(x) = -x**2 + 4*x - 6. Let d be (19/(-3) + 0)*(-6)/1. Suppose 16*h - 86 + d = 0. What is c(h)?
-3
Let w(l) = -l**2 - 3*l + 3. Let x(h) = 4*h + 20. Let d be x(-2). Suppose 5*o + 19 = -4*q + d, -3*o - 12 = 5*q. Calculate w(q).
3
Let s(g) = -8*g**2 + 8*g**2 + 9 - g**2 - 1 - 7*g - 5. Calculate s(-13).
-75
Let i(g) = -10*g - 60. Let m = -1200 + 1194. Determine i(m).
0
Let j(b) = -3*b - 6. Let u(c) = c + 4. Let p(y) = -j(y) - 12*u(y). Calculate p(-4).
-6
Let p(c) = -20710 + 41421 + 2*c - 20710. Suppose 0 = 5*h - 2*h + v - 5, 0 = -4*h - 3*v + 10. Let i be 1 + h/(2/(-4)). Determine p(i).
-1
Let k(p) = -71*p + 36*p + 2 - 3 + 36*p. Let d be 8 - 2 - (-9 - (-5 + 3)). Give k(d).
12
Let s(f) = -13*f - 63. Let x be s(-5). Suppose -6*n + 5*p = -x*n + 8, 4*n - p = -24. Let b(r) = -4 + 2*r**2 - 9*r - 2*r**2 - r**2. Calculate b(n).
10
Suppose -3*n - 26 = -2*n - g, -2*g + 112 = -4*n. Let q be -2*(n/(-12) - -1). Let u(j) = j - 5*j - 2 - 3*j + 14*j**2 - 15*j**2. Give u(q).
-2
Let q(p) be the second derivative of -p**4/12 + p**3/6 - 2*p**2 + 50*p + 6. Give q(4).
-16
Let u(x) = 16*x - 120. Let a be (-22 + 25)*3/(-6)*(-6)/1. Determine u(a).
24
Let k(q) = q**2 - 6*q - 90. Let z be k(-7). Let d(c) = -2*c**2 + 1. Let r(u) = -2*u**2 - u - 5. Let f(o) = z*r(o) + 4*d(o). What is f(-1)?
-10
Suppose -4*m + 17 = -v, 3*m + v = 16 + 2. Suppose 3*w + 4*n - m*n = -11, 12 = -3*n. Let i(t) = -t**3 - 5*t**2 - 2. Determine i(w).
-2
Let t(v) = -9*v + 1. Let f(o) = 16*o**3 - o**2 + 3*o - 5. Let l be f(2). Let w = -101 + l. Let x be 8/(-6) + 2*4/w. What is t(x)?
10
Let k be 3*((-76)/(-12) + -4). Suppose -3*a - 2*a = -4*w + 85, -w - 2*a + 5 = 0. Let y(p) = w + 7 - k + p. Calculate y(-11).
4
Let f(j) = -2*j**2 - j**3 + 10*j - 22*j - 3 + 6 + 14*j. Let g(n) = 4*n**2 + n + 1. Let u be g(-1). Suppose -4*c - 20 = -0*c - u*b, 5*b = c + 13. Give f(c).
6
Let q be (5 + -2)/(-2 + 28/8). Let v(z) = -18 - z + z**2 + 0*z**q + 14. Calculate v(0).
-4
Suppose -41 - 41 - 2 = 6*u. Let l(t) = -t**3 - 13*t**2 + 11*t - 16. Determine l(u).
26
Suppose 5*c - x - 56 = 0, 11*c - 3 = 2*x + 121. Let g(u) = -14*u + 126. Determine g(c).
-42
Suppose 151*o - 2574 = -47*o. Let d(w) = -w**3 + 11*w**2 + 28*w + 11. Calculate d(o).
37
Let z(f) = -1 + 0 - 17*f + 20*f. Let o(v) = 8*v - 2. Let x(w) = 4*o(w) - 10*z(w). Calculate x(-6).
-10
Let g(d) = -2*d**2 - 2*d. Let f = 89 - 139. Let l be 40/f*5/(-2). Suppose -9 = -l*n + b + 2*b, 0 = 2*b + 10. Determine g(n).
-12
Let c = -215 - -231. Let n be (-6)/12*-4*2. Suppose c + 16 = n*j. Let k(a) = 3*a - 9. Determine k(j).
15
Let s(d) = 2*d + 27. Let u be s(-10). Suppose -a + u*a = -5*a. Let h(n) = -n**3 + n**2 - n - 4. Determine h(a).
-4
Let g(u) = u**3 - 2812 + 6*u**2 - 2*u**3 + 2811 - 7*u + 0*u**3. Give g(4).
3
Let y(u) = u + 6. Let c = 84 - 80. Let g = -21 - -85. Let z be (-48)/g - (2 - (-17)/c). What is y(z)?
-1
Let h(c) = -c**2 + 3*c + 2. Let u be h(0). Let l(g) = 3*g - 6. Let j(q) = -17*q + 30. Let w(s) = u*j(s) + 11*l(s). Calculate w(-8).
2
Let p(l) = l**2 + 6*l - 34. Let y be (2/12 + 15/(-18))*-6. Let d be p(y). Let t(g) = -2*g**2 + 12*g - 2. What is t(d)?
-2
Let v = 44 + -51. Let j(f) = -4*f**2 + f + f + 2*f + 5*f**2 - 10 - f. Calculate j(v).
18
Let u(m) = -m**3 + 5*m**2 + 7*m - 9. Let a(r) = -4*r**2 + 5*r + 27. Let o(s) = 3*s**2 - 6*s - 26. Let c(z) = -4*a(z) - 5*o(z). Let n be c(-8). Calculate u(n).
-3
Let a(p) = -60*p + 267 + 270 - 819 + 278. What is a(1)?
-64
Let m = -287 - 0. Let u = 288 + m. Let y(p) = -26*p. What is y(u)?
-26
Let j(w) = 3 + 6 - 3 - w. Suppose -3*g + 4*h = -45, -7*g + 3*g - 3*h = -10. What is j(g)?
-1
Suppose 6*r - r = 60. Suppose -2*y + 68 + r = 3*b, -5*b = -y - 129. Suppose -5*j + 9 = -b. Let i(u) = u**2 - 5*u - 9. Calculate i(j).
5
Let v(m) = -m**3 - 11*m**2 - 12*m - 16. Let f be v(-10). Let q(g) = 18*g**2 - 17*g - 16 + g - 43*g**3 + 42*g**3 - f. What is q(17)?
-3
Suppose 12 = d + 7. Let g(s) = -8*s - s**2 - 2*s + 21*s - d*s. What is g(5)?
5
Let c(g) be the third derivative of g**4/24 - 2*g**3/3 - g**2. Let m = -116 - -55. Let n = -61 - m. What is c(n)?
-4
Let k(r) = 0 + 2 + 2 - r + 3*r - 3. Suppose 3*y + 17 = 4*s, -5*s - 5*y + 34 + 31 = 0. Suppose 35*c = 39*c - s. Calculate k(c).
5
Let y(l) be the first derivative of 1/3*l**3 - 1/2*l**2 + 14*l - 12 + 1/4*l**4. Give y(0).
14
Let p(t) be the second derivative of 96*t - 1/2*t**3 + 0 - t**2. Determine p(-7).
19
Suppose -2*s + 6 = s - 2*a, 4*a + 12 = 5*s. Suppose -4*p = -s*p + 3*u - 10, 3*u + 22 = 4*p. Let v(h) = -5 - p*h + 7*h + 3*h. Determine v(4).
19
Suppose 14*n + t = 15*n - 6, 0 = 3*n - t - 22. Let v(s) = 3 - n*s - 8*s + 17*s. What is v(7)?
10
Let l(c) be the first derivative of -c**5/20 + c**4/2 + 7*c**3/6 + 3*c**2 - 32*c - 11. Let a(u) be the first derivative of l(u). Calculate a(7).
6
Let t(a) = -a**3 - 26*a**2 - 25*a. Let f be t(-25). Let z(s) = -6*s - 5. Determine z(f).
-5
Let n(d) = d**3 - 5*d**2 - 7*d + 1. Let g be 4 + (-5)/(-15)*-3. Let x be g/(-4) - (-2)/(24/9). Suppose x*i = 6*i - 36. What is n(i)?
-5
Let h(r) = r**2 + r - 14. Let z be (-2)/(-1) - (-12)/((-36)/(-15)). Determine h(z).
42
Suppose -3*d + 27 = -3*w, 2*d + 297*w = 296*w + 12. Let z(k) = -10*k + 73. What is z(d)?
3
Let z(t) = 10*t - 4. Let k(r) = 47*r - 49. Let d be k(-11). Let c = -563 - d. What is z(c)?
26
Let k(z) = -7*z - 14. Let y be k(-2). Suppose 3*u = -2*b - 2 - 2, y = -u - 4. Let s(l) = 33 - 14 - 19 + b*l**2. Calculate s(-1).
4
Let y(q) = -4*q + 32. Let l be y(0). Suppose 7*d = l*d + 175. Let t(f) = -f**3 - 7*f**2 - f + 4. What is t(d)?
11
Let p(q) = -2*q + 3*q - q**2 + 2*q - q - 11. Let l = -31705 + 31705. Determine p(l).
-11
Let h(v) = 56*v**2 + 281*v. Let x = 206 - 211. Let z be h(x). Let q(g) = g**3 + 5*g**2 - 5*g - 2. What is q(z)?
23
Let o be 94/(-235) + 12/5. Let z(w) = 13*w - 2. Let v(j) = -7*j + 1. Let x(p) = o*v(p) + z(p). Calculate x(5).
-5
Let s(h) = 2*h**2 + 16*h - 24. Let y(k) = -2*k**2 + 6*k + 38. Let j be y(6). Determine s(j).
16
Let x(u) be the first derivative of -u - 50 + 1/2*u**2. Calculate x(3).
2
Let d(n) = -3. Let j(h) = h - 14. Let q(t) = -d(t) + j(t). Determine q(10).
-1
Let w = -1 - -7. Let z(a) = 6*a**2 - a - 4. Let f(k) = -5*k**2 + 8. Let b(l) = l**2 + 2. Let j(p) = -2*b(p) + f(p). Let q(s) = 5*j(s) + 6*z(s). Give q(w).
-4
Let c be (-442)/(-2) + -6 + 5. Suppose -19 = -x + 2*j + 36, -2*j = -4*x + c. Suppose -4*z = 2*t - 32, 5*t - x = -5*z - 0*z. Let w(y) = -y + 1. Calculate w(t).
-5
Suppose 5*h = -2*o - 38, -100*o - 2*h - 95 = -95*o. Let a(r) = r**2 + 18*r - 18. Give a(o).
1
Let q be (67/(-737))/((-2)/22). Let z(j) = 16*j. Let k(i) = 17*i. Let p(o) = 4*k(o) - 5*z(o). Calculate p(q).
-12
Let m(f) = 2*f + 5. Suppose -2*h - 46 = -2*j, 5*h = -13*j + 9*j + 119. Suppose j*r - 33*r - 42 = 0. Give m(r).
-7
Let d(q) be the first derivative of 1/3*q**3 - 6*q**2 + 7*q - 43. Give d(7).
-28
Let p(y) be the first derivative of y**3/3 - 21*y**2/2 + 56. Let m be p(21). Let j(d) = d**3 - d**2 - d + 2. Determine j(m).
2
Let l(h) = 1048*h - 3141*h + 1047*h - 29 + 106 + 1042*h. Calculate l(22).
-11
Let v(r) = 3*r - 86. Let i = 12907 - 12889. Determine v(i).
-32
Suppose 2*k - 15 = 181. Suppose q = 2*x - k, 0 = -5*x - 3*q - 103 + 359. Let u be (x/(-15) - -2)*9/(-6). Let m(v) = -v**2 - 1. What is m(u)?
-5
Let w(t) = -5*t - 1. Suppose 11*l - 2529 = -252. Let c be (-4)/46 + (-189)/l. What is w(c)?
4
Let x(p) = p**3 + 3*p - 2. Let s(v) = 5*v**3 - 16*v**2 + 5*v + 8. Let b(r) = -s(r) + 6*x(r). What is b(-15)?
10
Let x(a) = a**3 + 4*a**2 + 4*a. Let p be (-59 + 1)*(-10)/(-20). Let s = p + 48. Suppose 3*k + s = 7. Give x(k).
-16
Let n(g) = 19*g**3 - 31*g**2 + 4*g - 23. Let x(m) = 5*m**3 - 8*m**2 + m - 6. Let c(u) = -4*n(u) + 15*x(u). Give c(4).
-2
Let u(l) be the second derivative of -l**3/6 - 2*l. Let y = 69 - 62. Suppose y*m - 42 = -7. Give u(m).
-5
Let w(j) = 1 - 1788*j + 3577*j - 5*j**3 + j**3 - 1787*j + j**3. Let t = 6 + -15. Let b be 3/(5/(30/t)). What is w(b)?
21
Let y be ((-20)/6)/((-34)/51). Let u(s) = -11*s + 3 + 2*s**2 + y*s - s**2. What is u(6)?
3
Let o(k) = 3*k**3 + 6*k + 13*k**2 - k**2 - 2*k**3 + 89 - 93. Determine o(-11).
51
Let b(l) = 0*l - 6*l + 3 - 2*